{"id":353,"date":"2024-11-28T09:23:23","date_gmt":"2024-11-28T09:23:23","guid":{"rendered":"https:\/\/mm-bsio.fr\/?page_id=353"},"modified":"2024-12-12T09:21:58","modified_gmt":"2024-12-12T09:21:58","slug":"stage-2eme-annee","status":"publish","type":"page","link":"https:\/\/mm-bsio.fr\/?page_id=353","title":{"rendered":"STAGE 2\u00c8ME ANN\u00c9E"},"content":{"rendered":"\n<figure class=\"wp-block-table\"><table class=\"has-fixed-layout\"><tbody><tr><td><strong>Entreprises d\u00e9march\u00e9es<\/strong><\/td><td><strong>Date d\u00e9marche<\/strong><\/td><td><strong>R\u00e9ponse<\/strong><\/td><\/tr><tr><td><br><\/td><td><\/td><td><\/td><\/tr><\/tbody><\/table><\/figure>\n","protected":false},"excerpt":{"rendered":"<p>Entreprises d\u00e9march\u00e9es Date d\u00e9marche R\u00e9ponse<\/p>\n","protected":false},"author":1,"featured_media":0,"parent":0,"menu_order":0,"comment_status":"closed","ping_status":"closed","template":"","meta":{"footnotes":""},"class_list":["post-353","page","type-page","status-publish","hentry"],"_links":{"self":[{"href":"https:\/\/mm-bsio.fr\/index.php?rest_route=\/wp\/v2\/pages\/353","targetHints":{"allow":["GET"]}}],"collection":[{"href":"https:\/\/mm-bsio.fr\/index.php?rest_route=\/wp\/v2\/pages"}],"about":[{"href":"https:\/\/mm-bsio.fr\/index.php?rest_route=\/wp\/v2\/types\/page"}],"author":[{"embeddable":true,"href":"https:\/\/mm-bsio.fr\/index.php?rest_route=\/wp\/v2\/users\/1"}],"replies":[{"embeddable":true,"href":"https:\/\/mm-bsio.fr\/index.php?rest_route=%2Fwp%2Fv2%2Fcomments&post=353"}],"version-history":[{"count":6,"href":"https:\/\/mm-bsio.fr\/index.php?rest_route=\/wp\/v2\/pages\/353\/revisions"}],"predecessor-version":[{"id":883,"href":"https:\/\/mm-bsio.fr\/index.php?rest_route=\/wp\/v2\/pages\/353\/revisions\/883"}],"wp:attachment":[{"href":"https:\/\/mm-bsio.fr\/index.php?rest_route=%2Fwp%2Fv2%2Fmedia&parent=353"}],"curies":[{"name":"wp","href":"https:\/\/api.w.org\/{rel}","templated":true}]}}