{"id":352,"date":"2024-11-28T09:23:23","date_gmt":"2024-11-28T09:23:23","guid":{"rendered":"https:\/\/mm-bsio.fr\/?page_id=352"},"modified":"2024-12-12T09:21:47","modified_gmt":"2024-12-12T09:21:47","slug":"stage-1ere-anne","status":"publish","type":"page","link":"https:\/\/mm-bsio.fr\/?page_id=352","title":{"rendered":"STAGE 1\u00c8RE ANN\u00c9E"},"content":{"rendered":"\n<figure class=\"wp-block-table\"><table class=\"has-fixed-layout\"><tbody><tr><td><strong>Entreprises d\u00e9march\u00e9es<\/strong><\/td><td><strong>Date d\u00e9marche<\/strong><\/td><td><strong>R\u00e9ponse<\/strong><\/td><\/tr><tr><td><br><\/td><td><\/td><td><\/td><\/tr><\/tbody><\/table><\/figure>\n","protected":false},"excerpt":{"rendered":"<p>Entreprises d\u00e9march\u00e9es Date d\u00e9marche R\u00e9ponse<\/p>\n","protected":false},"author":1,"featured_media":0,"parent":0,"menu_order":0,"comment_status":"closed","ping_status":"closed","template":"","meta":{"footnotes":""},"class_list":["post-352","page","type-page","status-publish","hentry"],"_links":{"self":[{"href":"https:\/\/mm-bsio.fr\/index.php?rest_route=\/wp\/v2\/pages\/352","targetHints":{"allow":["GET"]}}],"collection":[{"href":"https:\/\/mm-bsio.fr\/index.php?rest_route=\/wp\/v2\/pages"}],"about":[{"href":"https:\/\/mm-bsio.fr\/index.php?rest_route=\/wp\/v2\/types\/page"}],"author":[{"embeddable":true,"href":"https:\/\/mm-bsio.fr\/index.php?rest_route=\/wp\/v2\/users\/1"}],"replies":[{"embeddable":true,"href":"https:\/\/mm-bsio.fr\/index.php?rest_route=%2Fwp%2Fv2%2Fcomments&post=352"}],"version-history":[{"count":5,"href":"https:\/\/mm-bsio.fr\/index.php?rest_route=\/wp\/v2\/pages\/352\/revisions"}],"predecessor-version":[{"id":882,"href":"https:\/\/mm-bsio.fr\/index.php?rest_route=\/wp\/v2\/pages\/352\/revisions\/882"}],"wp:attachment":[{"href":"https:\/\/mm-bsio.fr\/index.php?rest_route=%2Fwp%2Fv2%2Fmedia&parent=352"}],"curies":[{"name":"wp","href":"https:\/\/api.w.org\/{rel}","templated":true}]}}